
0
Calculate the remainder when 6117866 is divided by 18652.
10
What is the remainder when 22751978 is divided by 303?
11
What is the remainder when 97419 is divided by 97162?
257
Calculate the remainder when 6477482 is divided by 569.
555
Calculate the remainder when 865530 is divided by 54.
18
Calculate the remainder when 24202 is divided by 3315.
997
Calculate the remainder when 294260 is divided by 1098.
1094
What is the remainder when 1233378 is divided by 616451?
476
Calculate the remainder when 165999 is divided by 536.
375
What is the remainder when 4343328 is divided by 387?
27
What is the remainder when 1225553 is divided by 318?
299
What is the remainder when 20173 is divided by 20105?
68
Calculate the remainder when 720624 is divided by 635.
534
Calculate the remainder when 14715166 is divided by 5675.
5566
Calculate the remainder when 445560 is divided by 4243.
45
What is the remainder when 7879374 is divided by 196984?
14
What is the remainder when 880677 is divided by 304?
293
What is the remainder when 5445644 is divided by 72?
68
What is the remainder when 2939380 is divided by 195949?
145
Calculate the remainder when 1889579 is divided by 288.
11
Calculate the remainder when 3863019 is divided by 885.
879
Calculate the remainder when 377152 is divided by 105.
97
What is the remainder when 33558 is divided by 3339?
168
Calculate the remainder when 780510 is divided by 260168.
6
Calculate the remainder when 1997072 is divided by 121.
88
What is the remainder when 402312 is divided by 4678?
4
What is the remainder when 29461503 is divided by 818375?
3
What is the remainder when 28232994 is divided by 5210?
4
What is the remainder when 1155846930 is divided by 17?
15
Calculate the remainder when 9758028 is divided by 269.
53
What is the remainder when 197293 is divided by 12325?
93
Calculate the remainder when 320298 is divided by 32004.
258
Calculate the remainder when 3802131 is divided by 326.
319
Calculate the remainder when 22106766 is divided by 10.
6
What is the remainder when 519769 is divided by 103931?
114
What is the remainder when 1153164 is divided by 585?
129
What is the remainder when 3147711 is divided by 510?
501
Calculate the remainder when 3538989 is divided by 3785.
14
What is the remainder when 57740 is divided by 28860?
20
Calculate the remainder when 1668933033 is divided by 9.
6
Calculate the remainder when 59387277 is divided by 7892.
7869
What is the remainder when 268997 is divided by 419?
418
What is the remainder when 154398 is divided by 9?
3
What is the remainder when 7383267 is divided by 1845786?
123
Calculate the remainder when 1566012 is divided by 1566008.
4
What is the remainder when 514713 is divided by 171428?
429
Calculate the remainder when 921289 is divided by 1048.
97
Calculate the remainder when 41104340 is divided by 150.
140
Calculate the remainder when 7954549 is divided by 10.
9
What is the remainder when 194093 is divided by 5091?
635
Calculate the remainder when 9738084 is divided by 49.
20
What is the remainder when 345358 is divided by 254?
172
What is the remainder when 7225686 is divided by 8?
6
What is the remainder when 720235 is divided by 17?
13
Calculate the remainder when 31244 is divided by 5143.
386
What is the remainder when 2855316 is divided by 1235?
1231
What is the remainder when 3156634 is divided by 1578316?
2
Calculate the remainder when 506062 is divided by 55.
7
What is the remainder when 112076443 is divided by 161?
157
Calculate the remainder when 753485 is divided by 2531.
1778
Calculate the remainder when 510157 is divided by 2642.
251
What is the remainder when 420609 is divided by 203?
196
What is the remainder when 1323574 is divided by 544?
22
Calculate the remainder when 64742712 is divided by 7.
6
What is the remainder when 90192095 is divided by 3336?
3335
Calculate the remainder when 42871237 is divided by 145326.
67
What is the remainder when 1342610 is divided by 836?
830
What is the remainder when 2076445 is divided by 4?
1
Calculate the remainder when 1693458 is divided by 3435.
3
Calculate the remainder when 4619814 is divided by 1617.
45
What is the remainder when 24338060 is divided by 3230?
10
Calculate the remainder when 6127130 is divided by 278503.
64
Calculate the remainder when 1593369 is divided by 125.
119
What is the remainder when 25181 is divided by 6308?
6257
What is the remainder when 15470 is divided by 137?
126
What is the remainder when 45750 is divided by 5553?
1326
What is the remainder when 21443 is divided by 842?
393
What is the remainder when 10268541 is divided by 968?
965
Calculate the remainder when 18702181 is divided by 647.
646
What is the remainder when 110406 is divided by 109602?
804
Calculate the remainder when 8093793 is divided by 17.
8
Calculate the remainder when 2052794 is divided by 649.
7
What is the remainder when 368933 is divided by 26215?
1923
Calculate the remainder when 2803415 is divided by 1697.
1668
Calculate the remainder when 148418370 is divided by 5300656.
2
What is the remainder when 1704033 is divided by 4106?
43
Calculate the remainder when 783541 is divided by 2544.
2533
Calculate the remainder when 733096075 is divided by 9390.
9385
What is the remainder when 263463 is divided by 8775?
213
What is the remainder when 35450054 is divided by 864635?
19
Calculate the remainder when 1200962 is divided by 200160.
2
Calculate the remainder when 1725937 is divided by 2196.
2077
What is the remainder when 119570 is divided by 39230?
1880
Calculate the remainder when 27183 is divided by 1889.
737
What is the remainder when 1018732 is divided by 1197?
85
What is the remainder when 6464285 is divided by 7?
2
What is the remainder when 35828126 is divided by 284350?
26
Calculate the remainder when 1484475 is divided by 5458.
5357
What is the remainder when 6910960 is divided by 71247?
1
What is the remainder when 91895 is divided by 3036?
815
What is the remainder when 2545771 is divided by 106072?
43
Calculate the remainder when 7172013 is divided by 8.
5
Calculate the remainder when 239720 is divided by 8436.
3512
Calculate the remainder when 6840950 is divided by 4327.
4290
Calculate the remainder when 2345610 is divided by 781833.
111
What is the remainder when 44438 is divided by 22190?
58
What is the remainder when 3502516 is divided by 1619?
619
Calculate the remainder when 938701 is divided by 469343.
15
Calculate the remainder when 1947421 is divided by 717.
49
What is the remainder when 8153232 is divided by 2761?
2760
Calculate the remainder when 1080643 is divided by 5349.
145
What is the remainder when 12488744 is divided by 235?
139
What is the remainder when 56324 is divided by 11189?
379
What is the remainder when 103575 is divided by 715?
615
Calculate the remainder when 15183174 is divided by 89.
41
Calculate the remainder when 204065 is divided by 513.
404
Calculate the remainder when 3104614 is divided by 134.
102
What is the remainder when 6407949 is divided by 337247?
256
Calculate the remainder when 5031184 is divided by 916.
512
What is the remainder when 104878895 is divided by 276?
275
Calculate the remainder when 18353356 is divided by 22.
10
What is the remainder when 478215116 is divided by 77?
71
Calculate the remainder when 141005 is divided by 139650.
1355
Calculate the remainder when 2346048 is divided by 36089.
263
What is the remainder when 208860 is divided by 104400?
60
What is the remainder when 4006713 is divided by 5371?
5318
Calculate the remainder when 170116007 is divided by 1107.
1103
What is the remainder when 845958 is divided by 169157?
173
Calculate the remainder when 4358023 is divided by 2338.
2329
Calculate the remainder when 18612 is divided by 5584.
1860
What is the remainder when 15429 is divided by 51?
27
Calculate the remainder when 1112558 is divided by 1112538.
20
What is the remainder when 2088320 is divided by 189839?
91
What is the remainder when 2488402 is divided by 2576?
2562
What is the remainder when 36834 is divided by 1068?
522
Calculate the remainder when 129470 is divided by 5993.
3617
Calculate the remainder when 11820957 is divided by 504.
141
Calculate the remainder when 2600321 is divided by 212.
141
What is the remaind